n(8). Suppose -d*c + 10 + 29 = l. What is the remainder when 38 is divided by c?
12
Let x(t) = -2*t**3 - 2*t**2 - t + 1. Let f be ((-18)/(-8))/((-1)/(-4)). Suppose -f + 3 = 3*p. Calculate the remainder when 20 is divided by x(p).
9
Let a = -10 - -38. Calculate the remainder when 111 is divided by a.
27
Let z be 13/5 + (-21)/35. Suppose -66 = -4*v - z*x, -5*v = -3*x + 47 - 146. Calculate the remainder when 51 is divided by v.
15
Suppose -5*v + 3 = -7. Let k(a) = a + 5 + 0*a - 9 + v*a**2. What is the remainder when k(-3) is divided by 7?
4
Let i(n) = 14*n - 7. Let z be i(8). Suppose 3*v + 0*v - z = 0. What is the remainder when v is divided by 18?
17
Let n = 110 - 72. Calculate the remainder when n is divided by 10.
8
Suppose 3*l = -0*l + 57. Calculate the remainder when 66 is divided by l.
9
Let p(w) = w**3 + 12*w**2 - w - 15. Let b be p(-12). Let t(r) = 2*r**2 + 3*r - 3. What is the remainder when 11 is divided by t(b)?
5
Let h be 30/(-12)*4/(-5). Suppose 0 = s - h*s + 23. What is the remainder when s is divided by 13?
10
Suppose -4*b + 231 = -181. Suppose -2*h - 11 + b = 0. Calculate the remainder when h is divided by 12.
10
Suppose 4*i - 41 = 15. Calculate the remainder when 19 is divided by i + -4 + (2 - 5).
5
Let p(v) = -v**2 + 8*v - 4. Let h = -5 + 17. Suppose -l - h = -4*l. Calculate the remainder when l is divided by p(7).
1
Let z(d) = -d**2 + 8*d + 4. Let c be z(8). Suppose 2*f + 4 = 3*u, u + 4*f + c = 6*f. What is the remainder when 14 is divided by u?
2
Calculate the remainder when 62/8 - (-2)/8 is divided by (-1)/(-4) - (4 - (-27)/(-4)).
2
Let r = 15 + 24. Calculate the remainder when r is divided by 22.
17
Suppose -g = -2*g + 26. Calculate the remainder when g is divided by (3/(-4))/(3 - 174/56).
5
Suppose -5*d = -6*d + 11. What is the remainder when 20 is divided by d?
9
Let d = 71 + -18. What is the remainder when d is divided by 18?
17
Let a(o) = 2 - 3 - 2 + 2 + 4*o. Calculate the remainder when 7 is divided by a(1).
1
Let d(t) = 5*t + 4. Let a(k) = -6*k - 5. Let w(g) = -4*a(g) - 5*d(g). Let v be w(0). Let b(i) = i + 47. Calculate the remainder when b(v) is divided by 16.
15
What is the remainder when (1*20/(-6))/(46/(-345)) is divided by 13?
12
What is the remainder when 4 - (-7)/((-28)/(-48)) is divided by 9?
7
Suppose 3*h + 45 = 8*h. Calculate the remainder when h/(-2*(-1)/6) is divided by 14.
13
Suppose 4*f - 2 = 6*f. Let r = -250 - -257. Calculate the remainder when (-26)/(-2) + (f - -1) is divided by r.
6
Suppose 0 = 8*x - 95 - 273. Calculate the remainder when x is divided by 12.
10
Suppose 1 = -w - 2, c = -w - 5. Let o(b) be the third derivative of b**5/20 + b**4/24 - b**3/3 + b**2. Calculate the remainder when o(c) is divided by 5.
3
Suppose 15 = m + 2*m, 4*m - 176 = -4*d. Suppose 0 = -2*b - d + 111. Calculate the remainder when b is divided by 13.
10
Let p = 320 + -192. Calculate the remainder when p is divided by 35.
23
Suppose -5*n = -0*n - 15. What is the remainder when (297/(-15))/(n/(-10)) is divided by 17?
15
Let a(z) = -4*z + 2. What is the remainder when 15 is divided by a(-1)?
3
Let k be 333/2 + (-1)/2. Let n(j) = 2*j**2 + 3*j. What is the remainder when (-2)/(-5) + k/10 is divided by n(-3)?
8
Suppose 2*r + 72 = 3*q, -7*r - 103 = -4*q - 2*r. Suppose 2*p - 3 + 45 = 4*l, -l + 4*p + 28 = 0. What is the remainder when q is divided by l?
6
Let t = 149 - 51. Let y = -45 + t. Calculate the remainder when y is divided by 18.
17
Let w be 6*1*1/3. Suppose 5*g + 38 = w*z + 94, -g + 2*z = -8. What is the remainder when 35 is divided by g?
11
Let w(h) = 3*h**3 + 4*h**2 + 2*h - 1. Let u be w(-2). Suppose -s - 101 = -4*l, -l + 18 + 21 = -3*s. Let o = u + l. What is the remainder when o is divided by 6?
5
Let o be (8/3)/((-2)/(-6)). Suppose -5*h - 7*c = -2*c - 20, 5*c - o = -3*h. Let s = 8 - h. Calculate the remainder when 3 is divided by s.
1
Suppose 0 = -u - 10*u + 715. Calculate the remainder when u is divided by 32 + (-1)/((-2)/2).
32
Let d = 6 - 4. Suppose -d*j + 22 = 4. Let g = -4 + j. What is the remainder when g is divided by 3?
2
Let q = -72 - -37. Let m = -16 - q. What is the remainder when 54 is divided by m?
16
Suppose 0 = 5*a - 58 + 18. What is the remainder when a is divided by 8?
0
Suppose -3*x = -3*r + 17 - 5, 0 = -2*r - 4*x - 10. What is the remainder when (r - 1) + 75/3 is divided by 13?
12
Let v = 46 + -42. What is the remainder when 6 is divided by v?
2
Suppose -j - 4*f = -17, -5*j = 3*f - 7*f - 13. Let t(k) = k - 3. What is the remainder when 4 is divided by t(j)?
0
Suppose 0*k - 4*c = 4*k - 4, -3*k = -4*c - 17. Suppose 0 = 4*j - 47 + k. Calculate the remainder when 20 is divided by j.
9
Let n(t) = t**2 - 4*t + 11. Calculate the remainder when n(7) is divided by 5.
2
Let v = 2 + -1. Let k be v + -3 + -1 + 27. Suppose 5*r + b - 2*b = k, -r - 5*b = -10. Calculate the remainder when 8 is divided by r.
3
Suppose -o + 8 = -5. Suppose b = -4*y + o, -6 = y - 4*y + 3*b. Let t(f) = 6*f + 1. Calculate the remainder when t(1) is divided by y.
1
Let u(b) = -2*b**3 - 16*b**2 - 4*b + 4. What is the remainder when u(-9) is divided by 51?
49
Let m = -8 - -5. Let y be m - ((-6)/1)/2. What is the remainder when 5 is divided by -2 - -1 - (-4 + y)?
2
Let a(j) = -j**3 + 26*j**2 - 23*j - 29. What is the remainder when 83 is divided by a(25)?
20
Let c = 72 - -108. Suppose 4*v = -0*v + c. What is the remainder when v is divided by 12?
9
Let k(v) = v**3 + 5*v**2 - 7*v + 3. Let o be k(-6). What is the remainder when (o/(-6))/3*-44 is divided by 8?
6
Let r = -26 + 15. Let m = 23 + r. Let t = -2 - -9. What is the remainder when m is divided by t?
5
Suppose -m - 26 = -3*m. What is the remainder when m is divided by 4?
1
Suppose 11 = p + f - 5*f, -2*p + 4*f + 6 = 0. Let q(l) = -l**3 - 3*l**2 + 3*l + 3. What is the remainder when q(p) is divided by 13?
12
Let f(m) = -4*m + 0*m**2 - m + 3 - m**2 - 2*m. Calculate the remainder when 43 is divided by f(-4).
13
Suppose -4*l + 186 = -2*d, 5*l + 2*d = 6*d + 225. What is the remainder when l is divided by (51/6)/(2/4)?
15
Suppose -2*o + 5 = -m, 0 = -4*o - 2*m - 0 + 6. Suppose 0 = t - 5, -2*h - o*t + 66 = 2*t. What is the remainder when 68 is divided by h?
22
Let p be 84/(-3 - -1)*1. Let k = -29 - p. What is the remainder when 47 is divided by k?
8
Suppose 0 = -y - h + 13 - 3, y - 18 = h. Calculate the remainder when y is divided by 5.
4
Let h = -7 + 10. Suppose 0*d - d = -h*b + 35, 6 = -3*d. What is the remainder when 41 is divided by b?
8
Let w be ((-29)/4)/((-2)/8). Suppose -3*b + 52 = -w. Suppose -o - 3*j = -22, -b = -3*o + 2*o - 2*j. What is the remainder when o is divided by 13?
11
Let u = 38 - 12. Calculate the remainder when (-1 - u)/((-6)/4) is divided by 10.
8
Suppose -7*a = -92 - 125. What is the remainder when a is divided by 16?
15
Suppose -68 = 52*i - 54*i. What is the remainder when 237 is divided by i?
33
Suppose 2*t = -2 + 4. Suppose -4*q = -0*q + 36. Calculate the remainder when t is divided by (-3*(-6)/q)/(-2).
0
Let b(q) = -q**2 + 12*q - 5. Let a be b(11). Suppose 0 = -a*z + z + 20. What is the remainder when 15 is divided by z?
3
What is the remainder when (-28)/(-70) - (-1179)/15 is divided by 27?
25
Let m = 2 - 3. Let h(i) = -15*i + 1. Suppose -f + 2*p + 56 = 0, 2*f + f = -5*p + 113. Calculate the remainder when f is divided by h(m).
14
Let b be (-2)/4*0 - -2. Suppose 5*v = 4*n, 4*n + b*v - 32 = -v. Suppose -g - n*c - 11 = 0, 0 = g + 2*c - 1 - 0. Calculate the remainder when 25 is divided by g.
7
Let n = -5 + 6. What is the remainder when (n*43)/((-9)/(-18)) is divided by 29?
28
Suppose 5*c - 10 = 5*t, 0*t + 34 = 5*c + t. What is the remainder when 16 is divided by c?
4
Let t = -11 + 13. Calculate the remainder when t is divided by 2.
0
Suppose 4*g + 3 = u - 110, -4*u = -3*g - 400. What is the remainder when u is divided by 9?
7
Let c(h) = h**3 + 13*h**2 - 15*h - 2. What is the remainder when 27 is divided by c(-14)?
3
Suppose -2*r = r - 9. Let c(s) = 2*s**3 - 4*s**2 - 2. What is the remainder when c(r) is divided by 9?
7
Let q be 1692/30 - 4/10. Let r = -1 + q. What is the remainder when r is divided by 14?
13
What is the remainder when 44 is divided by (-138)/(-15) + (-6)/30?
8
Suppose 0 = -3*i + 63 + 24. Let a = i - 14. Calculate the remainder when a is divided by